mmon factor of 3270344 and 1064.
56
What is the greatest common divisor of 4505740 and 40?
20
What is the highest common factor of 6425 and 5666725?
25
Calculate the greatest common factor of 3213 and 99540.
63
Calculate the highest common divisor of 3403589 and 2744.
343
Calculate the greatest common divisor of 7017050 and 50.
50
What is the greatest common divisor of 2405 and 1938625?
65
What is the greatest common factor of 19360418 and 1078?
154
What is the highest common factor of 2496 and 210741?
3
Calculate the greatest common factor of 1752 and 1408278.
6
Calculate the greatest common factor of 1050 and 13133.
1
What is the highest common divisor of 553407376 and 76?
76
What is the highest common divisor of 63732696 and 5691?
813
Calculate the greatest common factor of 110 and 9184934.
22
Calculate the highest common divisor of 342 and 127196222.
38
Calculate the greatest common factor of 182263443 and 1887.
1887
Calculate the highest common divisor of 287496372 and 580.
116
Calculate the highest common factor of 1679 and 988609.
23
What is the greatest common factor of 69155708 and 140950?
5638
What is the highest common divisor of 8019176 and 88?
88
What is the highest common divisor of 1836206 and 8?
2
What is the greatest common factor of 27209812 and 112?
28
What is the highest common factor of 13954491 and 138?
69
Calculate the greatest common factor of 4872 and 97604024.
1624
Calculate the greatest common divisor of 31065 and 7436525.
545
What is the greatest common factor of 571029 and 38121?
393
Calculate the highest common factor of 17656 and 44192.
8
Calculate the greatest common divisor of 9752 and 14398.
46
Calculate the greatest common factor of 40 and 18608365.
5
What is the greatest common factor of 3639457 and 5671?
53
What is the greatest common factor of 76975 and 2700?
25
Calculate the greatest common divisor of 118141 and 4504269.
1147
Calculate the highest common divisor of 44688140 and 280.
140
What is the greatest common factor of 1876 and 672546938?
938
Calculate the highest common factor of 379 and 20560750.
379
Calculate the greatest common factor of 9 and 4389477.
3
What is the highest common factor of 3318 and 728616?
42
What is the greatest common factor of 30437352 and 378?
18
What is the highest common divisor of 4809409 and 121?
11
What is the highest common factor of 1311 and 786353?
19
Calculate the highest common factor of 61086275 and 149.
149
Calculate the highest common factor of 123079 and 2081623.
67
What is the greatest common factor of 84923197 and 1135?
227
Calculate the greatest common factor of 14204788 and 177788.
676
What is the greatest common divisor of 1686629 and 490?
49
What is the highest common divisor of 34 and 718465322?
34
Calculate the greatest common divisor of 58066008 and 3927.
231
What is the highest common divisor of 12132 and 4476?
12
What is the highest common factor of 8721 and 28367?
19
What is the highest common divisor of 1064258559 and 87?
87
What is the greatest common factor of 605 and 4112427?
121
What is the greatest common divisor of 121645482 and 184?
46
What is the greatest common factor of 59302 and 791488?
298
Calculate the highest common divisor of 726954436 and 3908.
3908
What is the highest common factor of 1836402 and 335537?
421
Calculate the greatest common factor of 2147 and 2718893.
113
What is the highest common factor of 5380 and 459210?
10
What is the highest common factor of 37801799 and 21?
7
Calculate the greatest common factor of 411290 and 190.
10
Calculate the greatest common factor of 380882864 and 744.
248
Calculate the highest common divisor of 5074 and 2058451.
59
Calculate the greatest common factor of 1928635 and 180882.
773
What is the highest common factor of 1148315 and 5777?
109
What is the greatest common divisor of 432 and 2019568?
16
Calculate the highest common divisor of 8667577 and 2276.
569
What is the highest common divisor of 145922731 and 164?
41
What is the greatest common factor of 218625 and 16215375?
4125
What is the highest common factor of 168 and 3801804?
12
What is the greatest common divisor of 68557 and 5510987?
383
Calculate the highest common divisor of 42152 and 242912.
8
What is the greatest common divisor of 94446192 and 96?
48
What is the greatest common divisor of 18198619 and 8194?
17
Calculate the highest common divisor of 759801 and 10048521.
2037
Calculate the greatest common divisor of 94537 and 490909.
1139
What is the greatest common divisor of 153957 and 56344101?
4161
What is the highest common divisor of 706894 and 24854?
578
What is the greatest common divisor of 57 and 39557373?
57
Calculate the greatest common factor of 5103 and 12247767.
567
Calculate the greatest common factor of 959917 and 49.
7
What is the highest common divisor of 2814 and 698840016?
2814
What is the highest common factor of 7999775 and 735?
35
Calculate the highest common factor of 23002 and 130062.
106
Calculate the greatest common divisor of 528 and 653444.
44
Calculate the greatest common factor of 4834 and 1124.
2
What is the highest common divisor of 12147520 and 2016?
224
What is the highest common divisor of 14187 and 174579?
3
What is the greatest common factor of 110 and 239946960?
110
Calculate the highest common factor of 938 and 138089.
7
What is the greatest common divisor of 101036 and 1753804?
1508
What is the highest common factor of 46517917 and 4847?
37
What is the greatest common divisor of 32 and 43617712?
16
What is the highest common factor of 11 and 2481743?
11
What is the highest common factor of 36 and 749884?
4
What is the greatest common divisor of 2048 and 114112?
64
What is the highest common divisor of 8748 and 1422036?
972
Calculate the highest common factor of 62796195 and 22.
11
Calculate the greatest common divisor of 161 and 70205.
1
Calculate the highest common divisor of 18990775 and 75.
25
What is the highest common factor of 28021084 and 26?
26
What is the greatest common factor of 7974 and 5649136?
886
Calculate the highest common divisor of 215099 and 14953.
19
Calculate the greatest common factor of 66 and 201944314.
22
Calculate the greatest common factor of 2310 and 19032426.
42
Calculate the highest common factor of 342069168 and 59010.
11802
Calculate the greatest common divisor of 2268318 and 8450.
338
Calculate the greatest common divisor of 3010 and 4097360.
10
Calculate the highest common factor of 1085357192 and 7408.
3704
Calculate the greatest common factor of 1990 and 99064190.
1990
Calculate the greatest common factor of 17929344 and 528.
48
What is the highest common factor of 1028 and 7657315?
257
What is the highest common divisor of 958035 and 285?
15
Calculate the highest common factor of 24 and 330160.
8
What is the greatest common divisor of 2852 and 913951?
23
What is the greatest common divisor of 1275002 and 140101?
829
What is the highest common factor of 320 and 6157200?
80
What is the highest common factor of 2640 and 242659230?
330
What is the highest common divisor of 36 and 824731002?
18
What is the greatest common factor of 7986 and 49294674?
726
Calculate the greatest common divisor of 45 and 2632869.
9
What is the highest common factor of 54040231 and 371?
371
What is the greatest common factor of 59584 and 57282568?
7448
What is the highest common factor of 60956 and 9751716?
1244
Calculate the greatest common factor of 24477063 and 39.
39
What is the greatest common factor of 492 and 9959748?
12
Calculate the greatest common factor of 104 and 1194467144.
104
Calculate the greatest common divisor of 117980 and 98548.
1388
What is the highest common divisor of 30205705 and 2110?
1055
What is the highest common divisor of 2262492 and 85788?
36
Calculate the greatest common divisor of 464560 and 63680.
80
Calculate the highest common divisor of 14652041 and 8359.
643
Calculate the greatest common factor of 63196 and 39528.
244
What is the greatest common factor of 85697 and 435727?
1207
What is the greatest common factor of 208426 and 220143166?
9062
What is the greatest common factor of 5610 and 2511795?
165
Calculate the highest common divisor of 93845732 and 25940.
5188
What is the greatest common factor of 40875947 and 196?
49
Calculate th